 4*f. Suppose o = -2*i + 575, -864 = -3*i - 3*o - f*o. What is the hundreds digit of i?
2
Let y = -427 + 514. Let x = y + 306. What is the units digit of x?
3
Let z = -9568 + 13413. Suppose 10107 = 8*s - z. What is the units digit of s?
4
Let y(r) = 4 + 2*r + 6 + 11. Let v = -723 - -727. What is the units digit of y(v)?
9
Let a = 35 + -31. Suppose -336 = a*n - 1184. What is the tens digit of n?
1
Let s(l) = l**3 - 5*l**2 + 5. Let b be s(5). Suppose b*z - 12 = -2*y, -2*z + z = y. Let a(k) = -4*k + 12. What is the tens digit of a(y)?
2
Suppose -11255 - 93873 = -5*n - 12*n. What is the tens digit of n?
8
Let b(f) = -33*f**2 + 16*f**2 + 18*f**2 - 3*f + 22*f**3 + 4. What is the units digit of b(2)?
8
Let g(l) = 402*l + 465. What is the hundreds digit of g(10)?
4
Suppose 13316481 = 174*m + 87*m. What is the tens digit of m?
2
Let m(d) = -3*d - 25. Let t be m(-9). Let z be 3 - (-1 + t - -3). What is the units digit of 2/24*69 + z/(-4)?
6
Suppose -5*i - 3400*d = -3402*d - 15160, -9070 = -3*i - 4*d. What is the units digit of i?
0
Suppose -75*w + 24*w + 24021 = 0. What is the tens digit of w?
7
Let q = 4 - 12. Let i(c) = c**3 + 7*c**2 - 10*c - 12. Let v be i(q). Suppose 276 = v*a - 0*a. What is the tens digit of a?
6
Let c(p) = 19*p - 130. Suppose 4*w + 8*w - 252 = 0. What is the tens digit of c(w)?
6
What is the thousands digit of 11935/42*(23 - 9 - 8)?
1
Let l(w) = 13*w**3 + 6*w**2 + 14*w - 16. Let z be l(-4). Let t = z - -1427. What is the hundreds digit of t?
6
Let s = -725 + 750. Suppose s - 1485 = -10*x. What is the tens digit of x?
4
Let d(p) = p**3 + 13*p**2 - 3*p - 37. Let z be d(-13). Suppose 4*s = -o + 4*o - 1355, -2*o + 908 = z*s. What is the tens digit of o?
5
Let b(w) = 7*w**2 - 91*w - 409. What is the hundreds digit of b(-27)?
1
Let q = -42 - -36. Let v be 4/6*(-45)/q. Suppose -c - 16 = -v*i, -i = -0*i - 5. What is the units digit of c?
9
Let s be 2/(-3) + 51/9. Suppose -3*c = 9, -20*c - 18 = -3*i - 16*c. Suppose -s*o = -2*d + 312 + 17, -326 = -i*d + 4*o. What is the units digit of d?
7
Suppose -2*v + 13*v = 1265. Let i = -110 + v. What is the units digit of ((-3834)/i)/(-3) + 26/65?
6
Suppose 0 = 157*j - 5852 - 22094. Let o be 2/(-4) + (-151)/(-2). Let f = j - o. What is the tens digit of f?
0
Suppose 3230 = -28*x + 290. Suppose -2*o = -0*o - 294. Let t = x + o. What is the units digit of t?
2
Let c(m) = 1168*m**2 + 104*m - 74. What is the ten thousands digit of c(-7)?
5
Suppose 3*u = 2*l - 73012, 24*l - 28*l = 4*u - 145964. What is the units digit of l?
7
Let g(c) = -3*c**2 + 21*c + 34. Let w be g(7). Suppose -5*d - w = -9, 3*d = 5*y - 2475. What is the hundreds digit of y?
4
Let v(p) = 4*p**3 + 15*p**2 - 54*p - 25. Let q be v(-10). Let w = q + 2817. What is the units digit of w?
2
Suppose -3*h - 4*h = -126. Let j(z) = z**3 - 19*z**2 + 19*z - 18. Let y be j(h). Suppose 3*m + 63 - 375 = y. What is the units digit of m?
4
Let a(c) = -79*c + 1. Let j be (-15)/(-10)*(-8)/6. What is the hundreds digit of a(j)?
1
Let q = 56635 - 40336. What is the units digit of q?
9
Let l(b) = 6*b**2 + 7*b + 8. Let k(s) be the second derivative of s**5/20 - 5*s**4/12 + s**3/3 + 3*s**2/2 + 13*s. Let p be k(4). What is the tens digit of l(p)?
2
Let x = 42 + -40. Suppose -x*r = 3*r + 505. Let g = -43 - r. What is the tens digit of g?
5
Let s = -1619 - -941. Let o = 1942 + s. What is the hundreds digit of o?
2
Suppose -7*g + 21 = -392. Let i = -41 + g. Suppose i*k - 159 = 15*k. What is the tens digit of k?
5
Suppose 12*q + 930 = -810. Let d = q - -322. What is the units digit of d?
7
Let w(r) = r - 110 + 159 + 32*r. What is the units digit of w(3)?
8
Let y = 4718 + 2028. What is the units digit of y?
6
Suppose 3*r = -4*u - 37, -5*r = 4*u + 45 - 2. What is the hundreds digit of u - (824*-1)/4?
1
Let k(b) = 16*b + 16. Let f be k(5). What is the units digit of (-1)/(12/(-5757)) - 72/f?
9
Suppose 2*l - 5*w = -9, 5*l + 4*w - 37 = -10. Let t = l + -1. Suppose 9*g = -t*g + 880. What is the tens digit of g?
8
Suppose d + h = 11680, 0*h + 2*h + 10 = 0. What is the tens digit of d?
8
Let t(m) = 54*m**2 + 8*m - 15. Let i be t(14). Suppose 11847 = 22*f - i. What is the thousands digit of f?
1
Let d = 199 - 360. Let c = -96 - d. Suppose c = 5*o - 145. What is the units digit of o?
2
Let p(r) be the first derivative of r**4/4 + 11*r**3/3 + 10*r**2 + 2*r + 23. What is the tens digit of p(-8)?
3
Suppose -7*h - 38 - 11 = 0. Let u(m) = -m**3 + 3*m**2 + 5*m + 15. Let y be u(h). Let n = y - 335. What is the tens digit of n?
3
Suppose 3*g = -3*k + 3, g + 9 + 20 = 5*k. Suppose k*n + 2*c = 2111, 2*n - 5*c = -n + 1248. What is the hundreds digit of n?
4
Suppose 0*x + 302497 = 32*x + 85729. What is the units digit of x?
4
Let y(d) = -d**3 - 11*d**2 - 11*d + 5. Let j be y(-11). Suppose 6*u - j = 270. What is the units digit of u?
6
Suppose 4*r - 2*r - 28 = 0. Let o be 1040/35 + ((-4)/r)/(-1). Suppose d + d = o. What is the tens digit of d?
1
Let a(r) = -4*r**3 + 4*r**2 + 6*r - 8. Let g be a(-4). What is the tens digit of -6 - -2 - (4 - g)?
8
Let h(x) = 716*x - 112. Suppose -2*u + 16 = 12. What is the hundreds digit of h(u)?
3
What is the tens digit of 11/((-165)/(-140))*741?
1
Suppose 0 = 6*d - 3*d - 15. Suppose 2*y = -1 - 1, -1718 = -d*i + 3*y. What is the units digit of i?
3
Suppose 4*k = -2*z + 874, -z - 5*k + 432 = -4*k. Let y = -229 + z. What is the tens digit of y?
9
Let m = -520 - -535. Suppose -19*c + m*c = -576. What is the hundreds digit of c?
1
Suppose 7*l - 24766 = 27615. What is the units digit of l?
3
Let m be 198/42 - 5 - 100/(-7). Suppose -m*p + 54 = -5*p. What is the hundreds digit of (-6)/((3/((-27)/p))/20)?
1
Let r = 573 - 570. What is the tens digit of r + (2 - 3)*(-618 - 8)?
2
Let n = 774 - 770. Suppose 7*f = x + 2*f - 426, -4*f = 5*x - 2217. Suppose 3*s + n*s = x. What is the tens digit of s?
6
Let y = -3649 + 6601. Suppose -4*a + y = 4*f, a - f - 748 = -0*a. What is the units digit of a?
3
Let h = 8 - 6. Suppose 4 = s - 1, 4*n - h*s = -2. Suppose -n*k + 93 + 83 = 0. What is the units digit of k?
8
Let g(p) = 3*p**2 + 31*p - 238. Let v(j) = 5*j**2 + 63*j - 473. Let r(h) = 11*g(h) - 6*v(h). What is the tens digit of r(19)?
0
What is the units digit of (228096/(-4455))/(1 - 47/45)?
2
Let k(r) = 917*r**2 - 23*r + 39. What is the hundreds digit of k(3)?
2
Let s(y) = -183*y - 1088. What is the hundreds digit of s(-13)?
2
Let m(h) be the second derivative of 121*h**3/6 + 29*h**2 - 16*h - 2. What is the tens digit of m(4)?
4
Suppose 6*z + 0*z = 0. Suppose -y + 29 = -z*y. Let t = y + 53. What is the units digit of t?
2
Suppose -2*q + 0*y = 2*y - 120, -2*y - 246 = -4*q. Let c = q + -127. Let z = c + 119. What is the tens digit of z?
5
Let c(d) = 49*d**2 - 8*d + 727. What is the hundreds digit of c(20)?
1
Suppose 0*f = -5*f + 300. Suppose -3*r + 5*g + f = 0, 3*g - 79 = -4*r + 1. Let x = 6 + r. What is the units digit of x?
6
Let x(f) = 17*f**3 - 7*f**2 - 2*f - 246. What is the tens digit of x(8)?
9
Suppose 92*q = -w + 93*q + 2231, -4*w - 3*q + 8882 = 0. What is the units digit of w?
5
Let q(c) = c**2 - 24*c + 62. Let w be q(21). Let n(a) = -160*a - 39. What is the tens digit of n(w)?
2
Suppose 54 = 2*f + 5*z, 5*z + 9 = -5*f + 159. Suppose 7098 = 4*a - 2*j, f*a - 5310 = 29*a - 3*j. What is the tens digit of a?
7
Suppose -4*o + o = -66. Suppose o = 17*p - 16*p. Suppose 2*i = i + p. What is the units digit of i?
2
Let g(p) = p**2 - 3*p - 202. Suppose -5*x - 72 = 4*w, 56*x = 52*x - 16. What is the units digit of g(w)?
6
Suppose -4*t = 2*c - 313944, -4*t - 15*c = -10*c - 313938. What is the units digit of t?
7
Suppose 0 = -10*d + 46223 + 277. What is the tens digit of d?
5
Let z(i) = -2*i**2 + i + 2. Let w(u) = 66*u**2 + 6*u - 8. Let f(x) = w(x) + 4*z(x). Suppose -3*p - 8 = p. What is the hundreds digit of f(p)?
2
What is the tens digit of (5 + ((-86)/(-5))/(196/(-2205)))*-208?
0
Let z(n) = -28*n**2 + 51*n**2 - 3 + 5*n + 99*n**2 + 58*n**2. What is the units digit of z(2)?
7
Let m(p) = -169*p**2 + 2*p + 1. Let l be m(-1). Let d = 124 - l. What is the hundreds digit of d?
2
What is the tens digit of 2/10*110/44*98932?
6
Suppose 38*h = -31*h + 45*h + 789720. What is the hundreds digit of h?
9
Suppose 1700 = -87*x + 92*x. What is the tens digit of x?
4
Let y(b) = b**3 + 3*b**2 -